{"id":118,"date":"2013-03-30T23:56:17","date_gmt":"2013-03-30T22:56:17","guid":{"rendered":"http:\/\/campus.univ-lyon1.fr\/siuaps\/?page_id=118"},"modified":"2018-06-18T13:37:26","modified_gmt":"2018-06-18T11:37:26","slug":"complexe-sportif-de-la-piscine","status":"publish","type":"page","link":"http:\/\/siuaps.univ-lyon1.fr\/?page_id=118","title":{"rendered":"Complexe Sportif de la Piscine"},"content":{"rendered":"<h3><a href=\"http:\/\/siuaps.univ-lyon1.fr\/?page_id=652\">Fiche technique du complexe et R\u00e8glement int\u00e9rieur<\/a><\/h3>\n<h3><a href=\"http:\/\/siuaps.univ-lyon1.fr\/files\/2018\/05\/campus-doua-Piscine.jpg\"><img decoding=\"async\" loading=\"lazy\" class=\"alignnone wp-image-1556\" src=\"http:\/\/siuaps.univ-lyon1.fr\/files\/2018\/05\/campus-doua-Piscine-300x140.jpg\" alt=\"\" width=\"482\" height=\"225\" srcset=\"http:\/\/siuaps.univ-lyon1.fr\/files\/2018\/05\/campus-doua-Piscine-300x140.jpg 300w, http:\/\/siuaps.univ-lyon1.fr\/files\/2018\/05\/campus-doua-Piscine-768x359.jpg 768w, http:\/\/siuaps.univ-lyon1.fr\/files\/2018\/05\/campus-doua-Piscine-1024x479.jpg 1024w\" sizes=\"(max-width: 482px) 100vw, 482px\" \/><\/a><\/h3>\n<h3><a href=\"http:\/\/siuaps.univ-lyon1.fr\/?page_id=128\">Les salles de Cours<\/a><\/h3>\n<h3><a href=\"http:\/\/siuaps.univ-lyon1.fr\/?page_id=120\">Le gymnase de comp\u00e9tition<\/a><\/h3>\n<h3><a href=\"http:\/\/siuaps.univ-lyon1.fr\/?page_id=124\">Le Bassin<\/a><\/h3>\n<h3><a href=\"http:\/\/siuaps.univ-lyon1.fr\/?page_id=122\">La salle Omnisports<\/a><\/h3>\n","protected":false},"excerpt":{"rendered":"<p>Fiche technique du complexe et R\u00e8glement int\u00e9rieur Les salles de Cours Le gymnase de comp\u00e9tition Le Bassin La salle Omnisports<\/p>\n","protected":false},"author":65,"featured_media":0,"parent":23,"menu_order":0,"comment_status":"closed","ping_status":"open","template":"","meta":[],"_links":{"self":[{"href":"http:\/\/siuaps.univ-lyon1.fr\/index.php?rest_route=\/wp\/v2\/pages\/118"}],"collection":[{"href":"http:\/\/siuaps.univ-lyon1.fr\/index.php?rest_route=\/wp\/v2\/pages"}],"about":[{"href":"http:\/\/siuaps.univ-lyon1.fr\/index.php?rest_route=\/wp\/v2\/types\/page"}],"author":[{"embeddable":true,"href":"http:\/\/siuaps.univ-lyon1.fr\/index.php?rest_route=\/wp\/v2\/users\/65"}],"replies":[{"embeddable":true,"href":"http:\/\/siuaps.univ-lyon1.fr\/index.php?rest_route=%2Fwp%2Fv2%2Fcomments&post=118"}],"version-history":[{"count":0,"href":"http:\/\/siuaps.univ-lyon1.fr\/index.php?rest_route=\/wp\/v2\/pages\/118\/revisions"}],"up":[{"embeddable":true,"href":"http:\/\/siuaps.univ-lyon1.fr\/index.php?rest_route=\/wp\/v2\/pages\/23"}],"wp:attachment":[{"href":"http:\/\/siuaps.univ-lyon1.fr\/index.php?rest_route=%2Fwp%2Fv2%2Fmedia&parent=118"}],"curies":[{"name":"wp","href":"https:\/\/api.w.org\/{rel}","templated":true}]}}