{"id":128,"date":"2013-03-30T23:59:45","date_gmt":"2013-03-30T22:59:45","guid":{"rendered":"http:\/\/campus.univ-lyon1.fr\/siuaps\/?page_id=128"},"modified":"2020-01-07T09:05:24","modified_gmt":"2020-01-07T08:05:24","slug":"les-salles-de-cours-de-la-piscine","status":"publish","type":"page","link":"http:\/\/siuaps.univ-lyon1.fr\/?page_id=128","title":{"rendered":"Les salles de cours"},"content":{"rendered":"<p>Une premi\u00e8re salle de cours accueillant environ 25 \u00e0 30 personnes ainsi qu&rsquo;une petite salle de cours d&rsquo;environ 20 personnes sont \u00e0 votre disposition.\u00a0<\/p>\n<p>\u00a0<\/p>\n\n\n<p><\/p>\n","protected":false},"excerpt":{"rendered":"<p>Une premi\u00e8re salle de cours accueillant environ 25 \u00e0 30 personnes ainsi qu&rsquo;une petite salle de cours d&rsquo;environ 20 personnes sont \u00e0 votre disposition.\u00a0 \u00a0<\/p>\n","protected":false},"author":65,"featured_media":0,"parent":118,"menu_order":0,"comment_status":"closed","ping_status":"open","template":"","meta":[],"_links":{"self":[{"href":"http:\/\/siuaps.univ-lyon1.fr\/index.php?rest_route=\/wp\/v2\/pages\/128"}],"collection":[{"href":"http:\/\/siuaps.univ-lyon1.fr\/index.php?rest_route=\/wp\/v2\/pages"}],"about":[{"href":"http:\/\/siuaps.univ-lyon1.fr\/index.php?rest_route=\/wp\/v2\/types\/page"}],"author":[{"embeddable":true,"href":"http:\/\/siuaps.univ-lyon1.fr\/index.php?rest_route=\/wp\/v2\/users\/65"}],"replies":[{"embeddable":true,"href":"http:\/\/siuaps.univ-lyon1.fr\/index.php?rest_route=%2Fwp%2Fv2%2Fcomments&post=128"}],"version-history":[{"count":0,"href":"http:\/\/siuaps.univ-lyon1.fr\/index.php?rest_route=\/wp\/v2\/pages\/128\/revisions"}],"up":[{"embeddable":true,"href":"http:\/\/siuaps.univ-lyon1.fr\/index.php?rest_route=\/wp\/v2\/pages\/118"}],"wp:attachment":[{"href":"http:\/\/siuaps.univ-lyon1.fr\/index.php?rest_route=%2Fwp%2Fv2%2Fmedia&parent=128"}],"curies":[{"name":"wp","href":"https:\/\/api.w.org\/{rel}","templated":true}]}}