{"id":31,"date":"2013-03-29T18:24:16","date_gmt":"2013-03-29T17:24:16","guid":{"rendered":"http:\/\/campus.univ-lyon1.fr\/siuaps\/?page_id=31"},"modified":"2020-02-25T10:28:19","modified_gmt":"2020-02-25T09:28:19","slug":"qui-sommes-nous","status":"publish","type":"page","link":"http:\/\/siuaps.univ-lyon1.fr\/?page_id=31","title":{"rendered":"Qui sommes-nous ?"},"content":{"rendered":"<hr>\n<p style=\"text-align: left\">Le SIUAPS de LYON, cr\u00e9\u00e9 en 1974, rattach\u00e9 administrativement \u00e0 l\u2019Universit\u00e9 LYON 1, il a pour fonction de g\u00e9rer et d\u2019assurer la maintenance des installations sportives mises en commun par les universit\u00e9s LYON 1, LYON 2, LYON 3 et l\u2019INSA de LYON.<\/p>\n<p>Ces installations sont utilis\u00e9es par ces 4 \u00e9tablissements pour les cours de sport dans le cadre des formations universitaires ainsi que pour les animations dans le cadre de la vie \u00e9tudiante. Elles sont mises \u00e0 disposition de la F\u00e9d\u00e9ration Fran\u00e7aise du Sport Universitaire pour l\u2019organisation des comp\u00e9titions du Comit\u00e9 R\u00e9gional Sport U les jeudis apr\u00e8s-midi.<br \/>\nDans un souci de plein emploi, des partenariats d\u2019utilisation sont conclus avec des municipalit\u00e9s, des \u00e9tablissements d\u2019enseignement primaire, secondaire, des \u00e9tablissements d\u2019enseignement sup\u00e9rieur, des associations, des clubs locaux, des entreprises priv\u00e9es.<\/p>\n<h4><a href=\"http:\/\/siuaps.univ-lyon1.fr\/?page_id=11\">L&rsquo;\u00e9quipe de Direction<\/a><\/h4>\n<h4><a href=\"http:\/\/siuaps.univ-lyon1.fr\/?page_id=151\">Les \u00e9quipes Techniques<\/a><\/h4>\n<h4><a href=\"http:\/\/siuaps.univ-lyon1.fr\/?page_id=34\">Nos objectifs<\/a><\/h4>\n<h4><a href=\"http:\/\/siuaps.univ-lyon1.fr\/?page_id=71\">Nous trouver<\/a><\/h4>\n","protected":false},"excerpt":{"rendered":"<p>Le SIUAPS de LYON, cr\u00e9\u00e9 en 1974, rattach\u00e9 administrativement \u00e0 l\u2019Universit\u00e9 LYON 1, il a pour fonction de g\u00e9rer et d\u2019assurer la maintenance des installations sportives mises en commun par les universit\u00e9s LYON 1, LYON 2, LYON 3 et l\u2019INSA de LYON. Ces installations sont utilis\u00e9es par ces 4 \u00e9tablissements pour les cours de sport [&hellip;]<\/p>\n","protected":false},"author":65,"featured_media":1756,"parent":0,"menu_order":0,"comment_status":"closed","ping_status":"open","template":"","meta":[],"_links":{"self":[{"href":"http:\/\/siuaps.univ-lyon1.fr\/index.php?rest_route=\/wp\/v2\/pages\/31"}],"collection":[{"href":"http:\/\/siuaps.univ-lyon1.fr\/index.php?rest_route=\/wp\/v2\/pages"}],"about":[{"href":"http:\/\/siuaps.univ-lyon1.fr\/index.php?rest_route=\/wp\/v2\/types\/page"}],"author":[{"embeddable":true,"href":"http:\/\/siuaps.univ-lyon1.fr\/index.php?rest_route=\/wp\/v2\/users\/65"}],"replies":[{"embeddable":true,"href":"http:\/\/siuaps.univ-lyon1.fr\/index.php?rest_route=%2Fwp%2Fv2%2Fcomments&post=31"}],"version-history":[{"count":2,"href":"http:\/\/siuaps.univ-lyon1.fr\/index.php?rest_route=\/wp\/v2\/pages\/31\/revisions"}],"predecessor-version":[{"id":2225,"href":"http:\/\/siuaps.univ-lyon1.fr\/index.php?rest_route=\/wp\/v2\/pages\/31\/revisions\/2225"}],"wp:featuredmedia":[{"embeddable":true,"href":"http:\/\/siuaps.univ-lyon1.fr\/index.php?rest_route=\/wp\/v2\/media\/1756"}],"wp:attachment":[{"href":"http:\/\/siuaps.univ-lyon1.fr\/index.php?rest_route=%2Fwp%2Fv2%2Fmedia&parent=31"}],"curies":[{"name":"wp","href":"https:\/\/api.w.org\/{rel}","templated":true}]}}