{"id":34,"date":"2013-03-29T18:28:09","date_gmt":"2013-03-29T17:28:09","guid":{"rendered":"http:\/\/campus.univ-lyon1.fr\/siuaps\/?page_id=34"},"modified":"2020-02-25T10:15:34","modified_gmt":"2020-02-25T09:15:34","slug":"nos-objectifs","status":"publish","type":"page","link":"http:\/\/siuaps.univ-lyon1.fr\/?page_id=34","title":{"rendered":"Nos objectifs"},"content":{"rendered":"<p>&#8211; Maintenir, entretenir, valoriser et d\u00e9velopper les installations sportives inter universitaires.<br \/>\n&#8211; Favoriser et coordonner la mise en place de la pratique sportive enseign\u00e9e et associative des \u00e9tudiants et des personnels des universit\u00e9s.<br \/>\n&#8211; Rechercher le plein emploi des installations sportives par la location compl\u00e9mentaire des installations aux associations sportives ou entreprises ext\u00e9rieures.<br \/>\n&#8211; Garantir le suivi et la s\u00e9curit\u00e9 des installations sportives; assurer le bon d\u00e9roulement des commissions de s\u00e9curit\u00e9; g\u00e9rer les conventions ou autres baux emphyt\u00e9otiques.<br \/>\n&#8211; D\u00e9velopper une politique immobili\u00e8re s&rsquo;inscrivant dans les objectifs de l&rsquo;Universit\u00e9, la R\u00e9gion, le Minist\u00e8re de l&rsquo;enseignement sup\u00e9rieur et de la recherche.<\/p>\n","protected":false},"excerpt":{"rendered":"<p>&#8211; Maintenir, entretenir, valoriser et d\u00e9velopper les installations sportives inter universitaires. &#8211; Favoriser et coordonner la mise en place de la pratique sportive enseign\u00e9e et associative des \u00e9tudiants et des personnels des universit\u00e9s. &#8211; Rechercher le plein emploi des installations sportives par la location compl\u00e9mentaire des installations aux associations sportives ou entreprises ext\u00e9rieures. &#8211; Garantir [&hellip;]<\/p>\n","protected":false},"author":65,"featured_media":278,"parent":31,"menu_order":0,"comment_status":"open","ping_status":"open","template":"","meta":[],"_links":{"self":[{"href":"http:\/\/siuaps.univ-lyon1.fr\/index.php?rest_route=\/wp\/v2\/pages\/34"}],"collection":[{"href":"http:\/\/siuaps.univ-lyon1.fr\/index.php?rest_route=\/wp\/v2\/pages"}],"about":[{"href":"http:\/\/siuaps.univ-lyon1.fr\/index.php?rest_route=\/wp\/v2\/types\/page"}],"author":[{"embeddable":true,"href":"http:\/\/siuaps.univ-lyon1.fr\/index.php?rest_route=\/wp\/v2\/users\/65"}],"replies":[{"embeddable":true,"href":"http:\/\/siuaps.univ-lyon1.fr\/index.php?rest_route=%2Fwp%2Fv2%2Fcomments&post=34"}],"version-history":[{"count":1,"href":"http:\/\/siuaps.univ-lyon1.fr\/index.php?rest_route=\/wp\/v2\/pages\/34\/revisions"}],"predecessor-version":[{"id":2219,"href":"http:\/\/siuaps.univ-lyon1.fr\/index.php?rest_route=\/wp\/v2\/pages\/34\/revisions\/2219"}],"up":[{"embeddable":true,"href":"http:\/\/siuaps.univ-lyon1.fr\/index.php?rest_route=\/wp\/v2\/pages\/31"}],"wp:featuredmedia":[{"embeddable":true,"href":"http:\/\/siuaps.univ-lyon1.fr\/index.php?rest_route=\/wp\/v2\/media\/278"}],"wp:attachment":[{"href":"http:\/\/siuaps.univ-lyon1.fr\/index.php?rest_route=%2Fwp%2Fv2%2Fmedia&parent=34"}],"curies":[{"name":"wp","href":"https:\/\/api.w.org\/{rel}","templated":true}]}}