{"id":759,"date":"2014-09-24T15:41:12","date_gmt":"2014-09-24T13:41:12","guid":{"rendered":"http:\/\/campus.univ-lyon1.fr\/siuaps\/?page_id=759"},"modified":"2018-06-18T12:22:22","modified_gmt":"2018-06-18T10:22:22","slug":"activites","status":"publish","type":"page","link":"http:\/\/siuaps.univ-lyon1.fr\/?page_id=759","title":{"rendered":"Les activit\u00e9s"},"content":{"rendered":"<h4><\/h4>\n<hr \/>\n<h4>Les installations du SIUAPS permettent la pratique de plusieurs sports. Gr\u00e2ce \u00e0 cette liste, vous trouverez tous les lieux o\u00f9 pratiquer votre sport.<br \/>\nBien \u00e9videmment, il s&rsquo;agit d&rsquo;une liste non exhaustive&#8230; \ud83d\ude09<\/h4>\n<ul>\n<li>\n<h3><a href=\"http:\/\/siuaps.univ-lyon1.fr\/?page_id=177\">Arts martiaux\/Sports de combat<\/a><\/h3>\n<\/li>\n<li>\n<h3><a href=\"http:\/\/siuaps.univ-lyon1.fr\/?page_id=186\">Athl\u00e9tisme<\/a><\/h3>\n<\/li>\n<li>\n<h3><a href=\"http:\/\/siuaps.univ-lyon1.fr\/?page_id=164\">Badminton<\/a><\/h3>\n<\/li>\n<li>\n<h3><a href=\"http:\/\/siuaps.univ-lyon1.fr\/?page_id=158\">Basket-ball<\/a><\/h3>\n<\/li>\n<li>\n<h3><a href=\"http:\/\/siuaps.univ-lyon1.fr\/?page_id=171\">Beach volley<\/a><\/h3>\n<\/li>\n<li>\n<h3><a href=\"http:\/\/siuaps.univ-lyon1.fr\/?page_id=175\">Danse<\/a><\/h3>\n<\/li>\n<li>\n<h3><a href=\"http:\/\/siuaps.univ-lyon1.fr\/?page_id=1792\">Escalade<\/a><\/h3>\n<\/li>\n<li>\n<h3><a href=\"http:\/\/siuaps.univ-lyon1.fr\/?page_id=169\">Football<\/a><\/h3>\n<\/li>\n<li>\n<h3><a href=\"http:\/\/siuaps.univ-lyon1.fr\/?page_id=182\">Gymnastique<\/a><\/h3>\n<\/li>\n<li>\n<h3><a href=\"http:\/\/siuaps.univ-lyon1.fr\/?page_id=160\">Hand-ball<\/a><\/h3>\n<\/li>\n<li>\n<h3><a href=\"http:\/\/siuaps.univ-lyon1.fr\/?page_id=188\">Musculation<\/a><\/h3>\n<\/li>\n<li>\n<h3><a href=\"http:\/\/siuaps.univ-lyon1.fr\/?page_id=184\">Natation et activit\u00e9s aquatiques<\/a><\/h3>\n<\/li>\n<li>\n<h3><a href=\"http:\/\/siuaps.univ-lyon1.fr\/?page_id=173\">Rugby<\/a><\/h3>\n<\/li>\n<li>\n<h3><a href=\"http:\/\/siuaps.univ-lyon1.fr\/?page_id=166\">Tennis<\/a><\/h3>\n<\/li>\n<li>\n<h3><a href=\"http:\/\/siuaps.univ-lyon1.fr\/?page_id=706\">Tennis de table<\/a><\/h3>\n<\/li>\n<li>\n<h3><a href=\"http:\/\/siuaps.univ-lyon1.fr\/?page_id=162\">Volley-ball<\/a><\/h3>\n<\/li>\n<\/ul>\n","protected":false},"excerpt":{"rendered":"<p>Les installations du SIUAPS permettent la pratique de plusieurs sports. Gr\u00e2ce \u00e0 cette liste, vous trouverez tous les lieux o\u00f9 pratiquer votre sport. Bien \u00e9videmment, il s&rsquo;agit d&rsquo;une liste non exhaustive&#8230; \ud83d\ude09 Arts martiaux\/Sports de combat Athl\u00e9tisme Badminton Basket-ball Beach volley Danse Escalade Football Gymnastique Hand-ball Musculation Natation et activit\u00e9s aquatiques Rugby Tennis Tennis de [&hellip;]<\/p>\n","protected":false},"author":65,"featured_media":0,"parent":0,"menu_order":0,"comment_status":"closed","ping_status":"closed","template":"","meta":[],"_links":{"self":[{"href":"http:\/\/siuaps.univ-lyon1.fr\/index.php?rest_route=\/wp\/v2\/pages\/759"}],"collection":[{"href":"http:\/\/siuaps.univ-lyon1.fr\/index.php?rest_route=\/wp\/v2\/pages"}],"about":[{"href":"http:\/\/siuaps.univ-lyon1.fr\/index.php?rest_route=\/wp\/v2\/types\/page"}],"author":[{"embeddable":true,"href":"http:\/\/siuaps.univ-lyon1.fr\/index.php?rest_route=\/wp\/v2\/users\/65"}],"replies":[{"embeddable":true,"href":"http:\/\/siuaps.univ-lyon1.fr\/index.php?rest_route=%2Fwp%2Fv2%2Fcomments&post=759"}],"version-history":[{"count":0,"href":"http:\/\/siuaps.univ-lyon1.fr\/index.php?rest_route=\/wp\/v2\/pages\/759\/revisions"}],"wp:attachment":[{"href":"http:\/\/siuaps.univ-lyon1.fr\/index.php?rest_route=%2Fwp%2Fv2%2Fmedia&parent=759"}],"curies":[{"name":"wp","href":"https:\/\/api.w.org\/{rel}","templated":true}]}}